- -22) + -80
-78
Evaluate (4 - (6 + -2)) + (-59 - -49) + 60 - 1.
49
Calculate (16 - 38 - -49) + -20 - 44.
-37
Evaluate (2 - 1) + -12 - (-156 + 241 + -167).
71
Calculate -10 + (3 + (9 - 21) - -2).
-17
What is 36 + (2 - (12 - (0 + -6 + 9))) + 3?
32
Calculate (-27 - 1) + -288 + 306.
-10
Calculate 31 + (-23 - 22 - -18).
4
What is the value of -18 + (260 + -252 - (21 - 1))?
-30
Evaluate -128 + (-8 - (14 + (-22 - 43))).
-85
What is the value of -11 + -15 + -42 + 29?
-39
2 + -9 - (29 - (-5 + 24)) - 7
-24
-22 - (-4 + 14) - -36
4
Evaluate (-11783 - -11861) + 0 + 0 + -13.
65
Calculate 5 + -42 + (-34 - -72).
1
What is 4 + -23 + (-2 - (-4 - -5 - -12))?
-34
What is the value of 32 + (-100 - (45 - 114))?
1
What is 13 + (16 - (-4 - (6 - -5))) - -11?
55
What is the value of -12 + (-15 + 11 - (-11 - (2 + -7)))?
-10
What is 52 + (9 - 14 - 2) - (5 - (-1 - 1))?
38
-15 + (283 - 222) - (-7 - (-2 - -1))
52
Evaluate 37 - (73 + -41 + 12).
-7
What is ((11 - (2 + 4)) + -21 - 7) + 0?
-23
Evaluate 1 + -76 - 48 - -64.
-59
Calculate 0 + (-9 - -1) - 6 - (4 + -2).
-16
What is the value of 16 + (-38 + -8 + 84 - (-13 - -2))?
65
What is the value of 0 - (-2 - (45 + (-5 - -1)) - 10)?
53
What is the value of -177 - -75 - -111 - (3 - 49 - (-3 + 0))?
52
Evaluate 29 + (-14 - (-17 - -15) - -11 - 14).
14
What is the value of (-2 + 3 - (2 - 7)) + 4 - (64 - -18)?
-72
(-33 - -16 - -35 - 56) + 2 + 1
-35
Evaluate 2670 + -2669 + (3 - 1) + -2 + -17.
-16
What is 14 - -1 - ((-24 - 0) + (-2523 - -2564))?
-2
What is -72 + 12 + 4 + -9 + 2 - -13?
-50
What is (-2080 - -2174) + -77 + 3?
20
What is the value of -4 - ((-8 - -7) + -8 + (10 - (0 + 6)))?
1
What is -56 - (-22 + 13) - (-7 + 10)?
-50
Calculate -416 + 461 + (0 - 49) + -78.
-82
What is the value of 1 + ((18 - 12) + -12 - -3) - (32 - -1)?
-35
Calculate -93 + -61 + 169 + (-1 - -20).
34
Calculate -53 - ((-192 + 180 - (0 + 20)) + 13).
-34
What is -24 - 56 - (1 - (-10 + (12 - -8) + -1))?
-72
Evaluate 26 + (46 - (40 - -60)).
-28
Evaluate -1 + -75 - (-13 + 19 + 0) - (9 - 5).
-86
What is the value of 59 + -12 + -49 + (3 - (0 + -51))?
52
What is -8 + (-3 + ((-39 - -11) + 12 - -12) - -62)?
47
Evaluate 7 + 4 - -6 - (6 - 64) - (0 - -12).
63
-136 - 3 - (-4600 - -4568)
-107
What is -13 - (42 + -48) - (7 - (-2 - -3))?
-13
What is (505 - 429) + -92 + 5?
-11
What is the value of 17 + (119 - 151) - (-158 + -7)?
150
Calculate 4 + 117 + -76 + (-8 - 37).
0
What is the value of 40 + 0 + -8 + -21 + 11?
22
-97 + 108 + (-1 + 3 - (32 - (3 + 5)))
-11
Calculate 2 + 1 + -1 - ((-10 - (3 + -19)) + 60).
-64
(-11 - (-14 - (-2 + 13 + -15))) + 48
47
What is the value of (-966 - -919) + (0 - (1 + -8)) + -9?
-49
What is -1 - ((2 - 2) + (-410 - -316))?
93
What is the value of -12 - (76 - 97) - (3 + (-9 - 0 - 2))?
17
-1 + -98 + 2 + (-4 - -20) + (55 - 73)
-99
Evaluate (-39 - (-6 - -9)) + (17 - 20) + 11 + 5.
-29
Calculate 1 + 132 + -3999 + 3857.
-9
What is (-63 - (-6 - 57)) + (60 - (-3 - -9))?
54
Evaluate 3 + (0 - 14) + -86 + -32 + 95.
-34
What is -3 + -14 - (-236 - -181)?
38
Calculate 2 + (5 - -8 - 11) + -2 + -6.
-4
What is -80 + 200 + -91 + -107?
-78
Evaluate -109 - (-92 - -22) - 13.
-52
What is -2 + -9 - (-199 + 147) - -8?
49
What is the value of 1 + -21 + 42 - (12 + 0 - -1)?
9
Evaluate 2 + 1 - (4 + (34 - 34) + -8).
7
Evaluate -9 - (0 + 2 + (23 - 27) + 37).
-44
Evaluate (7 - (-1 - 10) - (-9 - -11)) + -7.
9
What is (10 - 9 - (10 - 3)) + -26 + 19?
-13
-2 + (-21 - ((-24 - -6) + 14)) + 10
-9
Evaluate 22 + (-29 + -35 - (-3 + -14)).
-25
Evaluate (0 - (-6 - 4)) + (1 + -2 - (-134 + 123)).
20
What is -5 + 8 - (-149 - -165)?
-13
Evaluate -34 - 0 - (2746 + -2749).
-31
What is the value of -7 + 76 + 9 + (-7 - -8) + -20?
59
9 - (0 - 55) - (23 - 15)
56
Calculate 34 + 0 + -5 + (-5 - (10 + -10 + 0)).
24
34 - 14 - (16 - -20) - 2
-18
Calculate 49 + 25 + (-79 - 8).
-13
Evaluate 67 + (-63 + -44 - 19).
-59
Evaluate (-33 - -57 - 25) + 1 + -25 + 9.
-16
-37 - ((-5 - 0 - (-8 - -1)) + 41 + -39)
-41
What is (9 - (-11 + 3)) + (-85 - (-13 - 22))?
-33
What is -40 - ((101 - 39) + -10)?
-92
-5 + (30 - 41 - (-4 + 0)) + -9
-21
-8 - 26 - (-48 + 65)
-51
What is -33 + 32 + (-1 + -1 - -6) - (53 - 10)?
-40
-46 - (-5 + 18 + (5 - (-5 - -27)))
-42
Evaluate (-3 + 3 - -1) + -34 + -4354 + 4346.
-41
Calculate (-405 - -302) + 5 + -5 + 1 + -6.
-108
Evaluate -27 - (26 + (-115 - 5 - -26)).
41
-104 - -134 - -14 - 143
-99
(84 - 32) + 213 + -226
39
Calculate -2 + (12 - 5) - -6 - 53 - -7.
-35
Calculate 2 + -25 + -1768 + 1779.
-12
Evaluate 33 + (-107 + 49 - -49 - (2 + 1)).
21
What is the value of -46 + 29 - (29 - 10)?
-36
What is -28 + 61 + -72 + 1?
-38
What is 711 + -711 - (21 - (6 + -5))?
-20
What is the value of (7 - 4) + -10 - (84 + -87) - (-6 + -47)?
49
Calculate 0 + (39 - 3) + -24 + -2.
10
What is the value of -65 + 69 + -39 + 38 - (49 + -2 + -2)?
-42
What is 6 + 4 - ((-7 - -3 - -13) + -21 + 26)?
-4
Evaluate -91 + 0 + -26 + 2 + 30 + (-18 - -18).
-85
What is the value of (4 - 0 - (-26 - -24) - 6) + -44 + -5?
-49
Evaluate 26 + -18 - 4 - 27 - -63.
40
Calculate (-114 - (24 - 83)) + 99.
44
Calculate -2398 - -2372 - (-2 + -31).
7
Calculate (-3 - 0) + 0 - 46 - (91 + -77 - 22).
-41
What is -4 + -180 + 119 - -112?
47
What is the value of -212 + 239 + (5 - -1)?
33
What is the value of -41 + 34 + 2 + -10 + 0 + -21 + 7?
-29
What is the value of 2 + 8 - (-2933 + 2889)?
54
What is the value of 25 + (-6 + 4 + -3 - 1) + 41 + -34?
26
What is (2 - -20 - (-28 - -13)) + -13?
24
What is (8 - 21) + 313 + -206 + 0 + (-12 - 1)?
81
Evaluate 8 - 58 - ((-51 - -35) + 11).
-45
Calculate -9 - (-12 + (-7 - -12) + 14 - 55).
39
-20 - (-15 + 30 + 4)
-39
Calculate (-12 - 35) + 57 - -15.
25
Evaluate (14 - (-11 - 20)) + -18.
27
14 + 2 + -28 + -15 + (-10 - -5)
-32
What is the value of -26 + 16 + -66 + (-2 - -8) + -17 + 8?
-79
What is the value of 701 - 756 - (-31 - 0)?
-24
Evaluate (-60 - 31) + 143 + -103.
-51
Calculate (-3 - -14 - 20) + 2 + 4 + 27.
24
What is the value of 32 + (-216 - -141) - -82?
39
Calculate -14 + (-45 - -34 - (-45 - 1)).
21
3 + -17 + 5 + 73 + -5 + -15
44
Calculate -177 + 72 - -95 - (27 + -9 + 7).
-35
What is the value of 38 + -201 + 107 + -9 + -2?
-67
Evaluate -54 + (6 - -1) - (-830 - -861).
-78
Evaluate 4433 + -4474 - (-2 + -81).
42
-4 - (-41 - (-6 - 68))
-37
(2 - 121) + (2253 - 2238)
-104
What is (614 - 623) + (-1 - (-36 - 1))?
27
-18 + -4 - (54 + -96)
20
-3 - (17 + -37 + 16 - (-44 + 1 - 6))
-48
Calculate -277 + -3 + (129 - -20).
-131
What is the value of 1223 + -1248 - (-3 - (14 + -2 + -3))?
-13
-39 + -7 + -66 + (27 - 19)
-104
What is the value of (-1 - -1) + -10 + 35 + -38 + (5982 - 5871)?
98
Evaluate -4 + (-34 - -27) + 12.
1
What is -9 + (10 + (-5 - 2) - (-40 + -1 + -4))?
39
(-127 - -115) + -3 + 1 + (-172 - -37)
-149
Evaluate (-44 - -51 - (6 + 0)) + 70 - (-48 - -56).
63
What is the value of (-22 + 67 - 34) + -2 + 2 + -47?
-36
Calculate 24 + 0 - (-9 + 111 - 103).
25
What is 29 - 46 - (-7 + -1 + 71)?
-80
Calculate 4 - 7 - 0 - 2 - ((-22 - 46) + 15).
48
-365 - -347 - (40 - 7)
-51
Evaluate (5 + -2 - 4) + (-41 + 16 - -21) + 18.
13
Calculate -1 + -15 - (22 + -18) - -66.
46
Calculate (8 - ((7 - 15) + 7)) + -20 + 40 + -11.
18
What is 5 + (3 - 4) + 9 + 1 + -23 - 51?
-60
What is 55 - (155 + 52 + -56)?
-96
What is the value of 21 + 2 + (-34 + 14 - -5) - 29?
-21
(-43 - (32 - -17)) + 66
-26
What is the value of -1 - (-44 + 1) - (-133 - 30 - -179)?
26
Calculate (24 - (-5 + 13)) + (0 + -1 - (47 - 62)).
30
(107 - 6) + (108 - (204 - 96))
101
What is 23 - (-19 - (-27 + 6))?
21
What is the value of 3 + -38 + (-106 + 97 - -178)?
134
Calculate 16 + (-15 - 0) - (-19 + 12) - (69 + -1).
-60
Calculate 28 - 1 - (-20 + (14 - -4 - -1)).
28
Evaluate -10 - (0 + (7 - 5 - 3) + 0 + -10).
1
Evaluate -225 - 3 - (1588 - 1703).
-113
What is the value of (5 - 22) + -17 - -46?
12
34 - (5 - -5 - -7 - (57 - 44))
30
What is the value of -1 + 11 + -1 - ((7 - 1) + -29 + 52)?
-20
Evaluate -112 + -6 + 93 + -85.
-110
What is -8 + (-7 - (-31 + 1)) + -132 + 71?
-46
Evaluate 21 - (19 - 40 - -26).
16
What is the value of 41 + -50 + 8 + 69?
68
Calculate (27 - (33 - 53)) + (-10 - 18).
19
-10 - ((9 + -16 - 13) + 40)
-30
What is (247 - (169 + 120)) + (-7 - (0 + 0)) - -7?
-42
Evaluate 36 + -21 + -2 + -60 + -5.
-52
Calculate (37 - (-41 + 97)) + 20.
1
24 - (-6 + 3 + -10 - -11) - 2
24
What is t